{"version":"1.0","provider_name":"Newsendip","provider_url":"https:\/\/www.newsendip.com\/fr\/","author_name":"Julie Carballo","author_url":"https:\/\/www.newsendip.com\/fr\/author\/julie-carballo\/","title":"Amnesty International demande aux autorit\u00e9s \u00e9thiopiennes de cesser de recourir \u00e0 la loi d'urgence \u00ab pour r\u00e9duire au silence les dissidents pacifiques \u00bb","type":"rich","width":600,"height":338,"html":"<blockquote class=\"wp-embedded-content\" data-secret=\"kawxesi3WT\"><a href=\"https:\/\/www.newsendip.com\/fr\/amnesty-international-ethiopie-loi-urgence-dissidents\/\">Amnesty International demande aux autorit\u00e9s \u00e9thiopiennes de cesser de recourir \u00e0 la loi d\u2019urgence \u00ab\u202fpour r\u00e9duire au silence les dissidents pacifiques\u202f\u00bb<\/a><\/blockquote><iframe sandbox=\"allow-scripts\" security=\"restricted\" src=\"https:\/\/www.newsendip.com\/fr\/amnesty-international-ethiopie-loi-urgence-dissidents\/embed\/#?secret=kawxesi3WT\" width=\"600\" height=\"338\" title=\"\u00ab\u00a0Amnesty International demande aux autorit\u00e9s \u00e9thiopiennes de cesser de recourir \u00e0 la loi d\u2019urgence \u00ab\u202fpour r\u00e9duire au silence les dissidents pacifiques\u202f\u00bb\u00a0\u00bb &#8212; Newsendip\" data-secret=\"kawxesi3WT\" frameborder=\"0\" marginwidth=\"0\" marginheight=\"0\" scrolling=\"no\" class=\"wp-embedded-content\"><\/iframe><script>\n\/*! This file is auto-generated *\/\n!function(d,l){\"use strict\";l.querySelector&&d.addEventListener&&\"undefined\"!=typeof URL&&(d.wp=d.wp||{},d.wp.receiveEmbedMessage||(d.wp.receiveEmbedMessage=function(e){var t=e.data;if((t||t.secret||t.message||t.value)&&!\/[^a-zA-Z0-9]\/.test(t.secret)){for(var s,r,n,a=l.querySelectorAll('iframe[data-secret=\"'+t.secret+'\"]'),o=l.querySelectorAll('blockquote[data-secret=\"'+t.secret+'\"]'),c=new RegExp(\"^https?:$\",\"i\"),i=0;i<o.length;i++)o[i].style.display=\"none\";for(i=0;i<a.length;i++)s=a[i],e.source===s.contentWindow&&(s.removeAttribute(\"style\"),\"height\"===t.message?(1e3<(r=parseInt(t.value,10))?r=1e3:~~r<200&&(r=200),s.height=r):\"link\"===t.message&&(r=new URL(s.getAttribute(\"src\")),n=new URL(t.value),c.test(n.protocol))&&n.host===r.host&&l.activeElement===s&&(d.top.location.href=t.value))}},d.addEventListener(\"message\",d.wp.receiveEmbedMessage,!1),l.addEventListener(\"DOMContentLoaded\",function(){for(var e,t,s=l.querySelectorAll(\"iframe.wp-embedded-content\"),r=0;r<s.length;r++)(t=(e=s[r]).getAttribute(\"data-secret\"))||(t=Math.random().toString(36).substring(2,12),e.src+=\"#?secret=\"+t,e.setAttribute(\"data-secret\",t)),e.contentWindow.postMessage({message:\"ready\",secret:t},\"*\")},!1)))}(window,document);\n\/\/# sourceURL=https:\/\/www.newsendip.com\/wp-includes\/js\/wp-embed.min.js\n<\/script>\n","thumbnail_url":"https:\/\/www.newsendip.com\/wp-content\/uploads\/2024\/02\/jpeg-optimizer_Amhara_activists.jpeg","thumbnail_width":1301,"thumbnail_height":866,"description":"Amnesty International a accus\u00e9 les autorit\u00e9s \u00e9thiopiennes d'utiliser l'\u00e9tat d'urgence dans la r\u00e9gion d'Amhara \u00ab pour r\u00e9duire au silence les dissidents pacifiques en d\u00e9tenant arbitrairement des personnalit\u00e9s politiques critiques \u00e0 l'\u00e9gard du gouvernement et des journalistes \u00bb et a demand\u00e9 la fin de cette pratique."}

Amnesty International demande aux autorités éthiopiennes de cesser de recourir à la loi d'urgence « pour réduire au silence les dissidents pacifiques »

<blockquote class="wp-embedded-content" data-secret="kawxesi3WT"><a href="https://www.newsendip.com/fr/amnesty-international-ethiopie-loi-urgence-dissidents/">Amnesty International demande aux autorités éthiopiennes de cesser de recourir à la loi d’urgence « pour réduire au silence les dissidents pacifiques »</a></blockquote><iframe sandbox="allow-scripts" security="restricted" src="https://www.newsendip.com/fr/amnesty-international-ethiopie-loi-urgence-dissidents/embed/#?secret=kawxesi3WT" width="600" height="338" title="« Amnesty International demande aux autorités éthiopiennes de cesser de recourir à la loi d’urgence « pour réduire au silence les dissidents pacifiques » » &#8212; Newsendip" data-secret="kawxesi3WT" frameborder="0" marginwidth="0" marginheight="0" scrolling="no" class="wp-embedded-content"></iframe><script>
/*! This file is auto-generated */
!function(d,l){"use strict";l.querySelector&&d.addEventListener&&"undefined"!=typeof URL&&(d.wp=d.wp||{},d.wp.receiveEmbedMessage||(d.wp.receiveEmbedMessage=function(e){var t=e.data;if((t||t.secret||t.message||t.value)&&!/[^a-zA-Z0-9]/.test(t.secret)){for(var s,r,n,a=l.querySelectorAll('iframe[data-secret="'+t.secret+'"]'),o=l.querySelectorAll('blockquote[data-secret="'+t.secret+'"]'),c=new RegExp("^https?:$","i"),i=0;i<o.length;i++)o[i].style.display="none";for(i=0;i<a.length;i++)s=a[i],e.source===s.contentWindow&&(s.removeAttribute("style"),"height"===t.message?(1e3<(r=parseInt(t.value,10))?r=1e3:~~r<200&&(r=200),s.height=r):"link"===t.message&&(r=new URL(s.getAttribute("src")),n=new URL(t.value),c.test(n.protocol))&&n.host===r.host&&l.activeElement===s&&(d.top.location.href=t.value))}},d.addEventListener("message",d.wp.receiveEmbedMessage,!1),l.addEventListener("DOMContentLoaded",function(){for(var e,t,s=l.querySelectorAll("iframe.wp-embedded-content"),r=0;r<s.length;r++)(t=(e=s[r]).getAttribute("data-secret"))||(t=Math.random().toString(36).substring(2,12),e.src+="#?secret="+t,e.setAttribute("data-secret",t)),e.contentWindow.postMessage({message:"ready",secret:t},"*")},!1)))}(window,document);
//# sourceURL=https://www.newsendip.com/wp-includes/js/wp-embed.min.js
</script>

Amnesty International a accusé les autorités éthiopiennes d'utiliser l'état d'urgence dans la région d'Amhara « pour réduire au silence les dissidents pacifiques en détenant arbitrairement des personnalités politiques critiques à l'égard du gouvernement et des journalistes » et a demandé la fin de cette pratique.
