{"version":"1.0","provider_name":"Newsendip","provider_url":"https:\/\/www.newsendip.com\/fr\/","author_name":"Scott Murphy","author_url":"https:\/\/www.newsendip.com\/fr\/author\/scott-muprhy\/","title":"Au Br\u00e9sil, la mort d'une leader indig\u00e8ne met en lumi\u00e8re les tensions avec les agriculteurs pour les terres","type":"rich","width":600,"height":338,"html":"<blockquote class=\"wp-embedded-content\" data-secret=\"spsItuB7no\"><a href=\"https:\/\/www.newsendip.com\/fr\/bresil-mort-leader-indigene-tensions-agriculteurs-terres\/\">Au Br\u00e9sil, la mort d\u2019une leader indig\u00e8ne met en lumi\u00e8re les tensions avec les agriculteurs pour les terres<\/a><\/blockquote><iframe sandbox=\"allow-scripts\" security=\"restricted\" src=\"https:\/\/www.newsendip.com\/fr\/bresil-mort-leader-indigene-tensions-agriculteurs-terres\/embed\/#?secret=spsItuB7no\" width=\"600\" height=\"338\" title=\"\u00ab\u00a0Au Br\u00e9sil, la mort d\u2019une leader indig\u00e8ne met en lumi\u00e8re les tensions avec les agriculteurs pour les terres\u00a0\u00bb &#8212; Newsendip\" data-secret=\"spsItuB7no\" frameborder=\"0\" marginwidth=\"0\" marginheight=\"0\" scrolling=\"no\" class=\"wp-embedded-content\"><\/iframe><script>\n\/*! This file is auto-generated *\/\n!function(d,l){\"use strict\";l.querySelector&&d.addEventListener&&\"undefined\"!=typeof URL&&(d.wp=d.wp||{},d.wp.receiveEmbedMessage||(d.wp.receiveEmbedMessage=function(e){var t=e.data;if((t||t.secret||t.message||t.value)&&!\/[^a-zA-Z0-9]\/.test(t.secret)){for(var s,r,n,a=l.querySelectorAll('iframe[data-secret=\"'+t.secret+'\"]'),o=l.querySelectorAll('blockquote[data-secret=\"'+t.secret+'\"]'),c=new RegExp(\"^https?:$\",\"i\"),i=0;i<o.length;i++)o[i].style.display=\"none\";for(i=0;i<a.length;i++)s=a[i],e.source===s.contentWindow&&(s.removeAttribute(\"style\"),\"height\"===t.message?(1e3<(r=parseInt(t.value,10))?r=1e3:~~r<200&&(r=200),s.height=r):\"link\"===t.message&&(r=new URL(s.getAttribute(\"src\")),n=new URL(t.value),c.test(n.protocol))&&n.host===r.host&&l.activeElement===s&&(d.top.location.href=t.value))}},d.addEventListener(\"message\",d.wp.receiveEmbedMessage,!1),l.addEventListener(\"DOMContentLoaded\",function(){for(var e,t,s=l.querySelectorAll(\"iframe.wp-embedded-content\"),r=0;r<s.length;r++)(t=(e=s[r]).getAttribute(\"data-secret\"))||(t=Math.random().toString(36).substring(2,12),e.src+=\"#?secret=\"+t,e.setAttribute(\"data-secret\",t)),e.contentWindow.postMessage({message:\"ready\",secret:t},\"*\")},!1)))}(window,document);\n\/\/# sourceURL=https:\/\/www.newsendip.com\/wp-includes\/js\/wp-embed.min.js\n<\/script>\n","thumbnail_url":"https:\/\/www.newsendip.com\/wp-content\/uploads\/2024\/01\/Brazil-bahia-farm-indigenous-people-conflict-land.jpeg","thumbnail_width":1440,"thumbnail_height":810,"description":"Au Br\u00e9sil, la mort d'un membre du groupe indig\u00e8ne Patax\u00f3 H\u00e3-Ha-H\u00e3e met en lumi\u00e8re les tensions entre les communaut\u00e9s indig\u00e8nes et les agriculteurs autout de l'occupation des terres. Le pr\u00e9sident br\u00e9silien s'engage \u00e0 offrir un soutien f\u00e9d\u00e9ral au groupe indig\u00e8ne suite \u00e0 la fusillade."}

Au Brésil, la mort d'une leader indigène met en lumière les tensions avec les agriculteurs pour les terres

<blockquote class="wp-embedded-content" data-secret="spsItuB7no"><a href="https://www.newsendip.com/fr/bresil-mort-leader-indigene-tensions-agriculteurs-terres/">Au Brésil, la mort d’une leader indigène met en lumière les tensions avec les agriculteurs pour les terres</a></blockquote><iframe sandbox="allow-scripts" security="restricted" src="https://www.newsendip.com/fr/bresil-mort-leader-indigene-tensions-agriculteurs-terres/embed/#?secret=spsItuB7no" width="600" height="338" title="« Au Brésil, la mort d’une leader indigène met en lumière les tensions avec les agriculteurs pour les terres » &#8212; Newsendip" data-secret="spsItuB7no" frameborder="0" marginwidth="0" marginheight="0" scrolling="no" class="wp-embedded-content"></iframe><script>
/*! This file is auto-generated */
!function(d,l){"use strict";l.querySelector&&d.addEventListener&&"undefined"!=typeof URL&&(d.wp=d.wp||{},d.wp.receiveEmbedMessage||(d.wp.receiveEmbedMessage=function(e){var t=e.data;if((t||t.secret||t.message||t.value)&&!/[^a-zA-Z0-9]/.test(t.secret)){for(var s,r,n,a=l.querySelectorAll('iframe[data-secret="'+t.secret+'"]'),o=l.querySelectorAll('blockquote[data-secret="'+t.secret+'"]'),c=new RegExp("^https?:$","i"),i=0;i<o.length;i++)o[i].style.display="none";for(i=0;i<a.length;i++)s=a[i],e.source===s.contentWindow&&(s.removeAttribute("style"),"height"===t.message?(1e3<(r=parseInt(t.value,10))?r=1e3:~~r<200&&(r=200),s.height=r):"link"===t.message&&(r=new URL(s.getAttribute("src")),n=new URL(t.value),c.test(n.protocol))&&n.host===r.host&&l.activeElement===s&&(d.top.location.href=t.value))}},d.addEventListener("message",d.wp.receiveEmbedMessage,!1),l.addEventListener("DOMContentLoaded",function(){for(var e,t,s=l.querySelectorAll("iframe.wp-embedded-content"),r=0;r<s.length;r++)(t=(e=s[r]).getAttribute("data-secret"))||(t=Math.random().toString(36).substring(2,12),e.src+="#?secret="+t,e.setAttribute("data-secret",t)),e.contentWindow.postMessage({message:"ready",secret:t},"*")},!1)))}(window,document);
//# sourceURL=https://www.newsendip.com/wp-includes/js/wp-embed.min.js
</script>

Au Brésil, la mort d'un membre du groupe indigène Pataxó Hã-Ha-Hãe met en lumière les tensions entre les communautés indigènes et les agriculteurs autout de l'occupation des terres. Le président brésilien s'engage à offrir un soutien fédéral au groupe indigène suite à la fusillade.
