{"version":"1.0","provider_name":"Newsendip","provider_url":"https:\/\/www.newsendip.com\/fr\/","author_name":"Julie Carballo","author_url":"https:\/\/www.newsendip.com\/fr\/author\/julie-carballo\/","title":"Le plus grand groupe arm\u00e9 de Colombie annonce la reprise des kidnappings","type":"rich","width":600,"height":338,"html":"<blockquote class=\"wp-embedded-content\" data-secret=\"RVEHpT29aC\"><a href=\"https:\/\/www.newsendip.com\/fr\/groupe-guerrilla-eln-colombie-kidnappings\/\">Le plus grand groupe arm\u00e9 de Colombie annonce la reprise des kidnappings<\/a><\/blockquote><iframe sandbox=\"allow-scripts\" security=\"restricted\" src=\"https:\/\/www.newsendip.com\/fr\/groupe-guerrilla-eln-colombie-kidnappings\/embed\/#?secret=RVEHpT29aC\" width=\"600\" height=\"338\" title=\"\u00ab\u00a0Le plus grand groupe arm\u00e9 de Colombie annonce la reprise des kidnappings\u00a0\u00bb &#8212; Newsendip\" data-secret=\"RVEHpT29aC\" frameborder=\"0\" marginwidth=\"0\" marginheight=\"0\" scrolling=\"no\" class=\"wp-embedded-content\"><\/iframe><script>\n\/*! This file is auto-generated *\/\n!function(d,l){\"use strict\";l.querySelector&&d.addEventListener&&\"undefined\"!=typeof URL&&(d.wp=d.wp||{},d.wp.receiveEmbedMessage||(d.wp.receiveEmbedMessage=function(e){var t=e.data;if((t||t.secret||t.message||t.value)&&!\/[^a-zA-Z0-9]\/.test(t.secret)){for(var s,r,n,a=l.querySelectorAll('iframe[data-secret=\"'+t.secret+'\"]'),o=l.querySelectorAll('blockquote[data-secret=\"'+t.secret+'\"]'),c=new RegExp(\"^https?:$\",\"i\"),i=0;i<o.length;i++)o[i].style.display=\"none\";for(i=0;i<a.length;i++)s=a[i],e.source===s.contentWindow&&(s.removeAttribute(\"style\"),\"height\"===t.message?(1e3<(r=parseInt(t.value,10))?r=1e3:~~r<200&&(r=200),s.height=r):\"link\"===t.message&&(r=new URL(s.getAttribute(\"src\")),n=new URL(t.value),c.test(n.protocol))&&n.host===r.host&&l.activeElement===s&&(d.top.location.href=t.value))}},d.addEventListener(\"message\",d.wp.receiveEmbedMessage,!1),l.addEventListener(\"DOMContentLoaded\",function(){for(var e,t,s=l.querySelectorAll(\"iframe.wp-embedded-content\"),r=0;r<s.length;r++)(t=(e=s[r]).getAttribute(\"data-secret\"))||(t=Math.random().toString(36).substring(2,12),e.src+=\"#?secret=\"+t,e.setAttribute(\"data-secret\",t)),e.contentWindow.postMessage({message:\"ready\",secret:t},\"*\")},!1)))}(window,document);\n\/\/# sourceURL=https:\/\/www.newsendip.com\/wp-includes\/js\/wp-embed.min.js\n<\/script>\n","thumbnail_url":"https:\/\/www.newsendip.com\/wp-content\/uploads\/2024\/05\/ELN-Colombia.jpeg","thumbnail_width":1221,"thumbnail_height":813,"description":"Les gu\u00e9rilleros de l\u2019Arm\u00e9e de lib\u00e9ration nationale (ELN) en Colombie affirment que le gouvernement n'a pas cr\u00e9\u00e9 le fonds promis pour les soutenir financi\u00e8rement pendant les pourparlers de paix. Le gouvernement affirme que l'arr\u00eat des kidnappings ne fait l'objet d'aucune contrepartie."}

Le plus grand groupe armé de Colombie annonce la reprise des kidnappings

<blockquote class="wp-embedded-content" data-secret="RVEHpT29aC"><a href="https://www.newsendip.com/fr/groupe-guerrilla-eln-colombie-kidnappings/">Le plus grand groupe armé de Colombie annonce la reprise des kidnappings</a></blockquote><iframe sandbox="allow-scripts" security="restricted" src="https://www.newsendip.com/fr/groupe-guerrilla-eln-colombie-kidnappings/embed/#?secret=RVEHpT29aC" width="600" height="338" title="« Le plus grand groupe armé de Colombie annonce la reprise des kidnappings » &#8212; Newsendip" data-secret="RVEHpT29aC" frameborder="0" marginwidth="0" marginheight="0" scrolling="no" class="wp-embedded-content"></iframe><script>
/*! This file is auto-generated */
!function(d,l){"use strict";l.querySelector&&d.addEventListener&&"undefined"!=typeof URL&&(d.wp=d.wp||{},d.wp.receiveEmbedMessage||(d.wp.receiveEmbedMessage=function(e){var t=e.data;if((t||t.secret||t.message||t.value)&&!/[^a-zA-Z0-9]/.test(t.secret)){for(var s,r,n,a=l.querySelectorAll('iframe[data-secret="'+t.secret+'"]'),o=l.querySelectorAll('blockquote[data-secret="'+t.secret+'"]'),c=new RegExp("^https?:$","i"),i=0;i<o.length;i++)o[i].style.display="none";for(i=0;i<a.length;i++)s=a[i],e.source===s.contentWindow&&(s.removeAttribute("style"),"height"===t.message?(1e3<(r=parseInt(t.value,10))?r=1e3:~~r<200&&(r=200),s.height=r):"link"===t.message&&(r=new URL(s.getAttribute("src")),n=new URL(t.value),c.test(n.protocol))&&n.host===r.host&&l.activeElement===s&&(d.top.location.href=t.value))}},d.addEventListener("message",d.wp.receiveEmbedMessage,!1),l.addEventListener("DOMContentLoaded",function(){for(var e,t,s=l.querySelectorAll("iframe.wp-embedded-content"),r=0;r<s.length;r++)(t=(e=s[r]).getAttribute("data-secret"))||(t=Math.random().toString(36).substring(2,12),e.src+="#?secret="+t,e.setAttribute("data-secret",t)),e.contentWindow.postMessage({message:"ready",secret:t},"*")},!1)))}(window,document);
//# sourceURL=https://www.newsendip.com/wp-includes/js/wp-embed.min.js
</script>

Les guérilleros de l’Armée de libération nationale (ELN) en Colombie affirment que le gouvernement n'a pas créé le fonds promis pour les soutenir financièrement pendant les pourparlers de paix. Le gouvernement affirme que l'arrêt des kidnappings ne fait l'objet d'aucune contrepartie.
